ded by 15?
12
What is the remainder when 142 is divided by 24?
22
What is the remainder when 737 is divided by 121?
11
What is the remainder when 1148 is divided by 12?
8
Calculate the remainder when 133 is divided by 29.
17
What is the remainder when 83 is divided by 16?
3
What is the remainder when 744 is divided by 192?
168
Calculate the remainder when 1425 is divided by 51.
48
What is the remainder when 50 is divided by 20?
10
What is the remainder when 286 is divided by 80?
46
Calculate the remainder when 255 is divided by 5.
0
Calculate the remainder when 37 is divided by 21.
16
Calculate the remainder when 42 is divided by 38.
4
What is the remainder when 159 is divided by 9?
6
Calculate the remainder when 85 is divided by 48.
37
What is the remainder when 118 is divided by 31?
25
Calculate the remainder when 85 is divided by 23.
16
Calculate the remainder when 214 is divided by 43.
42
What is the remainder when 1273 is divided by 58?
55
Calculate the remainder when 203 is divided by 82.
39
Calculate the remainder when 454 is divided by 6.
4
What is the remainder when 48 is divided by 27?
21
Calculate the remainder when 1565 is divided by 9.
8
What is the remainder when 17 is divided by 11?
6
Calculate the remainder when 295 is divided by 52.
35
What is the remainder when 1882 is divided by 82?
78
What is the remainder when 11 is divided by 9?
2
Calculate the remainder when 934 is divided by 29.
6
What is the remainder when 1747 is divided by 466?
349
What is the remainder when 943 is divided by 159?
148
Calculate the remainder when 41 is divided by 10.
1
What is the remainder when 2444 is divided by 24?
20
Calculate the remainder when 303 is divided by 28.
23
Calculate the remainder when 933 is divided by 427.
79
Calculate the remainder when 1537 is divided by 15.
7
What is the remainder when 1842 is divided by 51?
6
Calculate the remainder when 30 is divided by 8.
6
Calculate the remainder when 596 is divided by 32.
20
What is the remainder when 47 is divided by 29?
18
What is the remainder when 790 is divided by 13?
10
Calculate the remainder when 52 is divided by 36.
16
Calculate the remainder when 3819 is divided by 12.
3
What is the remainder when 986 is divided by 22?
18
What is the remainder when 5309 is divided by 77?
73
What is the remainder when 192 is divided by 100?
92
What is the remainder when 402 is divided by 66?
6
What is the remainder when 452 is divided by 75?
2
What is the remainder when 610 is divided by 13?
12
Calculate the remainder when 488 is divided by 14.
12
What is the remainder when 216 is divided by 96?
24
What is the remainder when 107 is divided by 16?
11
What is the remainder when 369 is divided by 138?
93
What is the remainder when 39666 is divided by 29?
23
What is the remainder when 21 is divided by 3?
0
Calculate the remainder when 3497 is divided by 17.
12
What is the remainder when 343 is divided by 35?
28
What is the remainder when 859 is divided by 51?
43
What is the remainder when 243 is divided by 231?
12
Calculate the remainder when 2497 is divided by 64.
1
What is the remainder when 3288 is divided by 174?
156
Calculate the remainder when 866 is divided by 99.
74
Calculate the remainder when 178 is divided by 36.
34
What is the remainder when 185 is divided by 44?
9
Calculate the remainder when 18 is divided by 2.
0
Calculate the remainder when 175 is divided by 20.
15
Calculate the remainder when 2062 is divided by 171.
10
What is the remainder when 1906 is divided by 36?
34
What is the remainder when 66 is divided by 47?
19
What is the remainder when 169 is divided by 19?
17
What is the remainder when 3792 is divided by 191?
163
Calculate the remainder when 586 is divided by 197.
192
Calculate the remainder when 718 is divided by 104.
94
What is the remainder when 4581 is divided by 29?
28
What is the remainder when 703 is divided by 87?
7
What is the remainder when 1053 is divided by 279?
216
What is the remainder when 1713 is divided by 13?
10
Calculate the remainder when 1045 is divided by 341.
22
Calculate the remainder when 493 is divided by 99.
97
Calculate the remainder when 77 is divided by 41.
36
Calculate the remainder when 777 is divided by 124.
33
Calculate the remainder when 19 is divided by 4.
3
What is the remainder when 2571 is divided by 25?
21
Calculate the remainder when 489 is divided by 210.
69
What is the remainder when 160 is divided by 33?
28
What is the remainder when 171 is divided by 93?
78
Calculate the remainder when 351 is divided by 2.
1
Calculate the remainder when 217 is divided by 78.
61
What is the remainder when 539 is divided by 30?
29
Calculate the remainder when 1762 is divided by 49.
47
Calculate the remainder when 191 is divided by 58.
17
What is the remainder when 1246 is divided by 104?
102
What is the remainder when 6357 is divided by 33?
21
What is the remainder when 298 is divided by 23?
22
What is the remainder when 12 is divided by 5?
2
Calculate the remainder when 56 is divided by 1.
0
What is the remainder when 21 is divided by 5?
1
Calculate the remainder when 51 is divided by 27.
24
Calculate the remainder when 18664 is divided by 49.
44
What is the remainder when 581 is divided by 45?
41
Calculate the remainder when 287 is divided by 19.
2
What is the remainder when 64 is divided by 17?
13
What is the remainder when 424 is divided by 407?
17
Calculate the remainder when 1236 is divided by 6.
0
What is the remainder when 101 is divided by 56?
45
What is the remainder when 1915 is divided by 474?
19
Calculate the remainder when 2558 is divided by 16.
14
What is the remainder when 151 is divided by 35?
11
What is the remainder when 182 is divided by 3?
2
What is the remainder when 371 is divided by 118?
17
Calculate the remainder when 13 is divided by 8.
5
Calculate the remainder when 20614 is divided by 122.
118
What is the remainder when 75 is divided by 28?
19
What is the remainder when 230 is divided by 105?
20
Calculate the remainder when 95 is divided by 11.
7
What is the remainder when 2106 is divided by 124?
122
What is the remainder when 580 is divided by 277?
26
Calculate the remainder when 72 is divided by 29.
14
What is the remainder when 6462 is divided by 11?
5
Calculate the remainder when 178 is divided by 7.
3
What is the remainder when 370 is divided by 26?
6
What is the remainder when 662 is divided by 49?
25
What is the remainder when 1323 is divided by 34?
31
What is the remainder when 235 is divided by 66?
37
What is the remainder when 14 is divided by 12?
2
Calculate the remainder when 325 is divided by 158.
9
What is the remainder when 220 is divided by 45?
40
Calculate the remainder when 1447 is divided by 116.
55
Calculate the remainder when 1221 is divided by 7.
3
Calculate the remainder when 142 is divided by 12.
10
Calculate the remainder when 2291 is divided by 72.
59
Calculate the remainder when 8495 is divided by 17.
12
Calculate the remainder when 394 is divided by 11.
9
Calculate the remainder when 45 is divided by 2.
1
Calculate the remainder when 88 is divided by 22.
0
What is the remainder when 587 is divided by 151?
134
What is the remainder when 1267 is divided by 15?
7
What is the remainder when 1168 is divided by 117?
115
What is the remainder when 286 is divided by 41?
40
Calculate the remainder when 228 is divided by 47.
40
What is the remainder when 305 is divided by 108?
89
Calculate the remainder when 3514 is divided by 12.
10
Calculate the remainder when 394 is divided by 214.
180
What is the remainder when 347 is divided by 42?
11
Calculate the remainder when 334 is divided by 115.
104
What is the remainder when 730 is divided by 61?
59
Calculate the remainder when 260 is divided by 29.
28
What is the remainder when 5466 is divided by 15?
6
What is the remainder when 52 is divided by 24?
4
Calculate the remainder when 7001 is divided by 6.
5
Calculate the remainder when 959 is divided by 478.
3
What is the remainder when 379 is divided by 110?
49
Calculate the remainder when 150 is divided by 89.
61
What is the remainder when 206 is divided by 105?
101
Calculate the remainder when 1076 is divided by 535.
6
Calculate the remainder when 534 is divided by 11.
6
Calculate the remainder when 10